{"id":25779,"date":"2025-12-02T10:21:34","date_gmt":"2025-12-02T10:21:34","guid":{"rendered":"https:\/\/kreatortorun.pl\/?post_type=product&#038;p=25779"},"modified":"2026-04-29T09:44:11","modified_gmt":"2026-04-29T09:44:11","slug":"szalik-zimowy-psp","status":"publish","type":"product","link":"https:\/\/kreatortorun.pl\/en\/produkt\/szalik-zimowy-psp\/","title":{"rendered":"Szalik zimowy PSP"},"content":{"rendered":"<h1>Szalik zimowy Pa\u0144stwowej Stra\u017cy Po\u017carnej<\/h1>\n<p>Szalik w kolorze granatowym o sk\u0142adzie surowcowym 50% we\u0142na i 50% akryl.<\/p>\n<h2>Regulaminowy szalik do p\u0142aszcza stra\u017cackiego<\/h2>\n<p>Szalik PSP nosi si\u0119 do p\u0142aszcza w zale\u017cno\u015bci od panuj\u0105cych warunk\u00f3w atmosferycznych.<\/p>\n","protected":false},"excerpt":{"rendered":"<p>Szalik Pa\u0144stwowej Stra\u017cy Po\u017carnej zgodny z dokumentacj\u0105 &#8220;Rozporz\u0105dzenia MSWiA z dnia 29 wrze\u015bnia 2021 r. w sprawie umundurowania stra\u017cak\u00f3w Pa\u0144stwowej Stra\u017cy Po\u017carnej&#8221;.<\/p>\n","protected":false},"featured_media":25782,"template":"","meta":[],"product_brand":[],"product_cat":[174],"product_tag":[171,214],"class_list":{"0":"post-25779","1":"product","2":"type-product","3":"status-publish","4":"has-post-thumbnail","6":"product_cat-akcesoria-meskie-2","7":"product_tag-psp","8":"product_tag-plaszcze-psp","10":"first","11":"onbackorder","12":"taxable","13":"shipping-taxable","14":"purchasable","15":"product-type-simple"},"yoast_head":"<!-- This site is optimized with the Yoast SEO plugin v27.3 - https:\/\/yoast.com\/product\/yoast-seo-wordpress\/ -->\n<title>Szalik zimowy PSP - Kreator Toru\u0144<\/title>\n<meta name=\"description\" content=\"Szalik do p\u0142aszcza PSP. Szalik zimowy w kolorze granatowym zgodny z dokumentacj\u0105 KG PSP.\" \/>\n<meta name=\"robots\" content=\"index, follow, max-snippet:-1, max-image-preview:large, max-video-preview:-1\" \/>\n<link rel=\"canonical\" href=\"https:\/\/kreatortorun.pl\/produkt\/szalik-zimowy-psp\/\" \/>\n<meta property=\"og:locale\" content=\"en_US\" \/>\n<meta property=\"og:type\" content=\"article\" \/>\n<meta property=\"og:title\" content=\"Szalik zimowy PSP - Kreator Toru\u0144\" \/>\n<meta property=\"og:description\" content=\"Szalik do p\u0142aszcza PSP. Szalik zimowy w kolorze granatowym zgodny z dokumentacj\u0105 KG PSP.\" \/>\n<meta property=\"og:url\" content=\"https:\/\/kreatortorun.pl\/produkt\/szalik-zimowy-psp\/\" \/>\n<meta property=\"og:site_name\" content=\"Kreator Toru\u0144\" \/>\n<meta property=\"article:publisher\" content=\"https:\/\/www.facebook.com\/torun.kreator\" \/>\n<meta property=\"article:modified_time\" content=\"2026-04-29T09:44:11+00:00\" \/>\n<meta property=\"og:image\" content=\"https:\/\/kreatortorun.pl\/wp-content\/uploads\/2025\/12\/szalik-psp.jpg\" \/>\n\t<meta property=\"og:image:width\" content=\"1024\" \/>\n\t<meta property=\"og:image:height\" content=\"1024\" \/>\n\t<meta property=\"og:image:type\" content=\"image\/jpeg\" \/>\n<meta name=\"twitter:card\" content=\"summary_large_image\" \/>\n<meta name=\"twitter:label1\" content=\"Est. reading time\" \/>\n\t<meta name=\"twitter:data1\" content=\"1 minute\" \/>\n<script type=\"application\/ld+json\" class=\"yoast-schema-graph\">{\"@context\":\"https:\\\/\\\/schema.org\",\"@graph\":[{\"@type\":\"WebPage\",\"@id\":\"https:\\\/\\\/kreatortorun.pl\\\/produkt\\\/szalik-zimowy-psp\\\/\",\"url\":\"https:\\\/\\\/kreatortorun.pl\\\/produkt\\\/szalik-zimowy-psp\\\/\",\"name\":\"Szalik zimowy PSP - Kreator Toru\u0144\",\"isPartOf\":{\"@id\":\"https:\\\/\\\/kreatortorun.pl\\\/#website\"},\"primaryImageOfPage\":{\"@id\":\"https:\\\/\\\/kreatortorun.pl\\\/produkt\\\/szalik-zimowy-psp\\\/#primaryimage\"},\"image\":{\"@id\":\"https:\\\/\\\/kreatortorun.pl\\\/produkt\\\/szalik-zimowy-psp\\\/#primaryimage\"},\"thumbnailUrl\":\"https:\\\/\\\/kreatortorun.pl\\\/wp-content\\\/uploads\\\/2025\\\/12\\\/szalik-psp.jpg\",\"datePublished\":\"2025-12-02T10:21:34+00:00\",\"dateModified\":\"2026-04-29T09:44:11+00:00\",\"description\":\"Szalik do p\u0142aszcza PSP. Szalik zimowy w kolorze granatowym zgodny z dokumentacj\u0105 KG PSP.\",\"breadcrumb\":{\"@id\":\"https:\\\/\\\/kreatortorun.pl\\\/produkt\\\/szalik-zimowy-psp\\\/#breadcrumb\"},\"inLanguage\":\"en-US\",\"potentialAction\":[{\"@type\":\"ReadAction\",\"target\":[\"https:\\\/\\\/kreatortorun.pl\\\/produkt\\\/szalik-zimowy-psp\\\/\"]}]},{\"@type\":\"ImageObject\",\"inLanguage\":\"en-US\",\"@id\":\"https:\\\/\\\/kreatortorun.pl\\\/produkt\\\/szalik-zimowy-psp\\\/#primaryimage\",\"url\":\"https:\\\/\\\/kreatortorun.pl\\\/wp-content\\\/uploads\\\/2025\\\/12\\\/szalik-psp.jpg\",\"contentUrl\":\"https:\\\/\\\/kreatortorun.pl\\\/wp-content\\\/uploads\\\/2025\\\/12\\\/szalik-psp.jpg\",\"width\":1024,\"height\":1024},{\"@type\":\"BreadcrumbList\",\"@id\":\"https:\\\/\\\/kreatortorun.pl\\\/produkt\\\/szalik-zimowy-psp\\\/#breadcrumb\",\"itemListElement\":[{\"@type\":\"ListItem\",\"position\":1,\"name\":\"Strona g\u0142\u00f3wna\",\"item\":\"https:\\\/\\\/kreatortorun.pl\\\/en\\\/\"},{\"@type\":\"ListItem\",\"position\":2,\"name\":\"Shop\",\"item\":\"https:\\\/\\\/kreatortorun.pl\\\/en\\\/shop\\\/\"},{\"@type\":\"ListItem\",\"position\":3,\"name\":\"Szalik zimowy PSP\"}]},{\"@type\":\"WebSite\",\"@id\":\"https:\\\/\\\/kreatortorun.pl\\\/#website\",\"url\":\"https:\\\/\\\/kreatortorun.pl\\\/\",\"name\":\"Kreator Toru\u0144\",\"description\":\"Producent mundur\u00f3w, kombinezon\u00f3w i odzie\u017cy taktycznej\",\"publisher\":{\"@id\":\"https:\\\/\\\/kreatortorun.pl\\\/#organization\"},\"potentialAction\":[{\"@type\":\"SearchAction\",\"target\":{\"@type\":\"EntryPoint\",\"urlTemplate\":\"https:\\\/\\\/kreatortorun.pl\\\/?s={search_term_string}\"},\"query-input\":{\"@type\":\"PropertyValueSpecification\",\"valueRequired\":true,\"valueName\":\"search_term_string\"}}],\"inLanguage\":\"en-US\"},{\"@type\":\"Organization\",\"@id\":\"https:\\\/\\\/kreatortorun.pl\\\/#organization\",\"name\":\"Kreator Toru\u0144\",\"url\":\"https:\\\/\\\/kreatortorun.pl\\\/\",\"logo\":{\"@type\":\"ImageObject\",\"inLanguage\":\"en-US\",\"@id\":\"https:\\\/\\\/kreatortorun.pl\\\/#\\\/schema\\\/logo\\\/image\\\/\",\"url\":\"https:\\\/\\\/kreatortorun.pl\\\/wp-content\\\/uploads\\\/2024\\\/02\\\/cropped-kreator-logo-favicon.png\",\"contentUrl\":\"https:\\\/\\\/kreatortorun.pl\\\/wp-content\\\/uploads\\\/2024\\\/02\\\/cropped-kreator-logo-favicon.png\",\"width\":512,\"height\":512,\"caption\":\"Kreator Toru\u0144\"},\"image\":{\"@id\":\"https:\\\/\\\/kreatortorun.pl\\\/#\\\/schema\\\/logo\\\/image\\\/\"},\"sameAs\":[\"https:\\\/\\\/www.facebook.com\\\/torun.kreator\",\"https:\\\/\\\/www.youtube.com\\\/@kreatortorun1862\"]}]}<\/script>\n<!-- \/ Yoast SEO plugin. -->","yoast_head_json":{"title":"Szalik zimowy PSP - Kreator Toru\u0144","description":"Szalik do p\u0142aszcza PSP. Szalik zimowy w kolorze granatowym zgodny z dokumentacj\u0105 KG PSP.","robots":{"index":"index","follow":"follow","max-snippet":"max-snippet:-1","max-image-preview":"max-image-preview:large","max-video-preview":"max-video-preview:-1"},"canonical":"https:\/\/kreatortorun.pl\/produkt\/szalik-zimowy-psp\/","og_locale":"en_US","og_type":"article","og_title":"Szalik zimowy PSP - Kreator Toru\u0144","og_description":"Szalik do p\u0142aszcza PSP. Szalik zimowy w kolorze granatowym zgodny z dokumentacj\u0105 KG PSP.","og_url":"https:\/\/kreatortorun.pl\/produkt\/szalik-zimowy-psp\/","og_site_name":"Kreator Toru\u0144","article_publisher":"https:\/\/www.facebook.com\/torun.kreator","article_modified_time":"2026-04-29T09:44:11+00:00","og_image":[{"width":1024,"height":1024,"url":"https:\/\/kreatortorun.pl\/wp-content\/uploads\/2025\/12\/szalik-psp.jpg","type":"image\/jpeg"}],"twitter_card":"summary_large_image","twitter_misc":{"Est. reading time":"1 minute"},"schema":{"@context":"https:\/\/schema.org","@graph":[{"@type":"WebPage","@id":"https:\/\/kreatortorun.pl\/produkt\/szalik-zimowy-psp\/","url":"https:\/\/kreatortorun.pl\/produkt\/szalik-zimowy-psp\/","name":"Szalik zimowy PSP - Kreator Toru\u0144","isPartOf":{"@id":"https:\/\/kreatortorun.pl\/#website"},"primaryImageOfPage":{"@id":"https:\/\/kreatortorun.pl\/produkt\/szalik-zimowy-psp\/#primaryimage"},"image":{"@id":"https:\/\/kreatortorun.pl\/produkt\/szalik-zimowy-psp\/#primaryimage"},"thumbnailUrl":"https:\/\/kreatortorun.pl\/wp-content\/uploads\/2025\/12\/szalik-psp.jpg","datePublished":"2025-12-02T10:21:34+00:00","dateModified":"2026-04-29T09:44:11+00:00","description":"Szalik do p\u0142aszcza PSP. Szalik zimowy w kolorze granatowym zgodny z dokumentacj\u0105 KG PSP.","breadcrumb":{"@id":"https:\/\/kreatortorun.pl\/produkt\/szalik-zimowy-psp\/#breadcrumb"},"inLanguage":"en-US","potentialAction":[{"@type":"ReadAction","target":["https:\/\/kreatortorun.pl\/produkt\/szalik-zimowy-psp\/"]}]},{"@type":"ImageObject","inLanguage":"en-US","@id":"https:\/\/kreatortorun.pl\/produkt\/szalik-zimowy-psp\/#primaryimage","url":"https:\/\/kreatortorun.pl\/wp-content\/uploads\/2025\/12\/szalik-psp.jpg","contentUrl":"https:\/\/kreatortorun.pl\/wp-content\/uploads\/2025\/12\/szalik-psp.jpg","width":1024,"height":1024},{"@type":"BreadcrumbList","@id":"https:\/\/kreatortorun.pl\/produkt\/szalik-zimowy-psp\/#breadcrumb","itemListElement":[{"@type":"ListItem","position":1,"name":"Strona g\u0142\u00f3wna","item":"https:\/\/kreatortorun.pl\/en\/"},{"@type":"ListItem","position":2,"name":"Shop","item":"https:\/\/kreatortorun.pl\/en\/shop\/"},{"@type":"ListItem","position":3,"name":"Szalik zimowy PSP"}]},{"@type":"WebSite","@id":"https:\/\/kreatortorun.pl\/#website","url":"https:\/\/kreatortorun.pl\/","name":"Kreator Toru\u0144","description":"Producent mundur\u00f3w, kombinezon\u00f3w i odzie\u017cy taktycznej","publisher":{"@id":"https:\/\/kreatortorun.pl\/#organization"},"potentialAction":[{"@type":"SearchAction","target":{"@type":"EntryPoint","urlTemplate":"https:\/\/kreatortorun.pl\/?s={search_term_string}"},"query-input":{"@type":"PropertyValueSpecification","valueRequired":true,"valueName":"search_term_string"}}],"inLanguage":"en-US"},{"@type":"Organization","@id":"https:\/\/kreatortorun.pl\/#organization","name":"Kreator Toru\u0144","url":"https:\/\/kreatortorun.pl\/","logo":{"@type":"ImageObject","inLanguage":"en-US","@id":"https:\/\/kreatortorun.pl\/#\/schema\/logo\/image\/","url":"https:\/\/kreatortorun.pl\/wp-content\/uploads\/2024\/02\/cropped-kreator-logo-favicon.png","contentUrl":"https:\/\/kreatortorun.pl\/wp-content\/uploads\/2024\/02\/cropped-kreator-logo-favicon.png","width":512,"height":512,"caption":"Kreator Toru\u0144"},"image":{"@id":"https:\/\/kreatortorun.pl\/#\/schema\/logo\/image\/"},"sameAs":["https:\/\/www.facebook.com\/torun.kreator","https:\/\/www.youtube.com\/@kreatortorun1862"]}]}},"_links":{"self":[{"href":"https:\/\/kreatortorun.pl\/en\/wp-json\/wp\/v2\/product\/25779","targetHints":{"allow":["GET"]}}],"collection":[{"href":"https:\/\/kreatortorun.pl\/en\/wp-json\/wp\/v2\/product"}],"about":[{"href":"https:\/\/kreatortorun.pl\/en\/wp-json\/wp\/v2\/types\/product"}],"wp:featuredmedia":[{"embeddable":true,"href":"https:\/\/kreatortorun.pl\/en\/wp-json\/wp\/v2\/media\/25782"}],"wp:attachment":[{"href":"https:\/\/kreatortorun.pl\/en\/wp-json\/wp\/v2\/media?parent=25779"}],"wp:term":[{"taxonomy":"product_brand","embeddable":true,"href":"https:\/\/kreatortorun.pl\/en\/wp-json\/wp\/v2\/product_brand?post=25779"},{"taxonomy":"product_cat","embeddable":true,"href":"https:\/\/kreatortorun.pl\/en\/wp-json\/wp\/v2\/product_cat?post=25779"},{"taxonomy":"product_tag","embeddable":true,"href":"https:\/\/kreatortorun.pl\/en\/wp-json\/wp\/v2\/product_tag?post=25779"}],"curies":[{"name":"wp","href":"https:\/\/api.w.org\/{rel}","templated":true}]}}

<h1>Szalik zimowy Państwowej Straży Pożarnej</h1>
<p>Szalik w kolorze granatowym o składzie surowcowym 50% wełna i 50% akryl.</p>
<h2>Regulaminowy szalik do płaszcza strażackiego</h2>
<p>Szalik PSP nosi się do płaszcza w zależności od panujących warunków atmosferycznych.</p>

<p>Szalik Państwowej Straży Pożarnej zgodny z dokumentacją &#8220;Rozporządzenia MSWiA z dnia 29 września 2021 r. w sprawie umundurowania strażaków Państwowej Straży Pożarnej&#8221;.</p>

<!-- This site is optimized with the Yoast SEO plugin v27.3 - https://yoast.com/product/yoast-seo-wordpress/ -->
<title>Szalik zimowy PSP - Kreator Toruń</title>
<meta name="description" content="Szalik do płaszcza PSP. Szalik zimowy w kolorze granatowym zgodny z dokumentacją KG PSP." />
<meta name="robots" content="index, follow, max-snippet:-1, max-image-preview:large, max-video-preview:-1" />
<link rel="canonical" href="https://kreatortorun.pl/produkt/szalik-zimowy-psp/" />
<meta property="og:locale" content="en_US" />
<meta property="og:type" content="article" />
<meta property="og:title" content="Szalik zimowy PSP - Kreator Toruń" />
<meta property="og:description" content="Szalik do płaszcza PSP. Szalik zimowy w kolorze granatowym zgodny z dokumentacją KG PSP." />
<meta property="og:url" content="https://kreatortorun.pl/produkt/szalik-zimowy-psp/" />
<meta property="og:site_name" content="Kreator Toruń" />
<meta property="article:publisher" content="https://www.facebook.com/torun.kreator" />
<meta property="article:modified_time" content="2026-04-29T09:44:11+00:00" />
<meta property="og:image" content="https://kreatortorun.pl/wp-content/uploads/2025/12/szalik-psp.jpg" />
	<meta property="og:image:width" content="1024" />
	<meta property="og:image:height" content="1024" />
	<meta property="og:image:type" content="image/jpeg" />
<meta name="twitter:card" content="summary_large_image" />
<meta name="twitter:label1" content="Est. reading time" />
	<meta name="twitter:data1" content="1 minute" />
<script type="application/ld+json" class="yoast-schema-graph">{"@context":"https:\/\/schema.org","@graph":[{"@type":"WebPage","@id":"https:\/\/kreatortorun.pl\/produkt\/szalik-zimowy-psp\/","url":"https:\/\/kreatortorun.pl\/produkt\/szalik-zimowy-psp\/","name":"Szalik zimowy PSP - Kreator Toruń","isPartOf":{"@id":"https:\/\/kreatortorun.pl\/#website"},"primaryImageOfPage":{"@id":"https:\/\/kreatortorun.pl\/produkt\/szalik-zimowy-psp\/#primaryimage"},"image":{"@id":"https:\/\/kreatortorun.pl\/produkt\/szalik-zimowy-psp\/#primaryimage"},"thumbnailUrl":"https:\/\/kreatortorun.pl\/wp-content\/uploads\/2025\/12\/szalik-psp.jpg","datePublished":"2025-12-02T10:21:34+00:00","dateModified":"2026-04-29T09:44:11+00:00","description":"Szalik do płaszcza PSP. Szalik zimowy w kolorze granatowym zgodny z dokumentacją KG PSP.","breadcrumb":{"@id":"https:\/\/kreatortorun.pl\/produkt\/szalik-zimowy-psp\/#breadcrumb"},"inLanguage":"en-US","potentialAction":[{"@type":"ReadAction","target":["https:\/\/kreatortorun.pl\/produkt\/szalik-zimowy-psp\/"]}]},{"@type":"ImageObject","inLanguage":"en-US","@id":"https:\/\/kreatortorun.pl\/produkt\/szalik-zimowy-psp\/#primaryimage","url":"https:\/\/kreatortorun.pl\/wp-content\/uploads\/2025\/12\/szalik-psp.jpg","contentUrl":"https:\/\/kreatortorun.pl\/wp-content\/uploads\/2025\/12\/szalik-psp.jpg","width":1024,"height":1024},{"@type":"BreadcrumbList","@id":"https:\/\/kreatortorun.pl\/produkt\/szalik-zimowy-psp\/#breadcrumb","itemListElement":[{"@type":"ListItem","position":1,"name":"Strona główna","item":"https:\/\/kreatortorun.pl\/en\/"},{"@type":"ListItem","position":2,"name":"Shop","item":"https:\/\/kreatortorun.pl\/en\/shop\/"},{"@type":"ListItem","position":3,"name":"Szalik zimowy PSP"}]},{"@type":"WebSite","@id":"https:\/\/kreatortorun.pl\/#website","url":"https:\/\/kreatortorun.pl\/","name":"Kreator Toruń","description":"Producent mundurów, kombinezonów i odzieży taktycznej","publisher":{"@id":"https:\/\/kreatortorun.pl\/#organization"},"potentialAction":[{"@type":"SearchAction","target":{"@type":"EntryPoint","urlTemplate":"https:\/\/kreatortorun.pl\/?s={search_term_string}"},"query-input":{"@type":"PropertyValueSpecification","valueRequired":true,"valueName":"search_term_string"}}],"inLanguage":"en-US"},{"@type":"Organization","@id":"https:\/\/kreatortorun.pl\/#organization","name":"Kreator Toruń","url":"https:\/\/kreatortorun.pl\/","logo":{"@type":"ImageObject","inLanguage":"en-US","@id":"https:\/\/kreatortorun.pl\/#\/schema\/logo\/image\/","url":"https:\/\/kreatortorun.pl\/wp-content\/uploads\/2024\/02\/cropped-kreator-logo-favicon.png","contentUrl":"https:\/\/kreatortorun.pl\/wp-content\/uploads\/2024\/02\/cropped-kreator-logo-favicon.png","width":512,"height":512,"caption":"Kreator Toruń"},"image":{"@id":"https:\/\/kreatortorun.pl\/#\/schema\/logo\/image\/"},"sameAs":["https:\/\/www.facebook.com\/torun.kreator","https:\/\/www.youtube.com\/@kreatortorun1862"]}]}</script>
<!-- / Yoast SEO plugin. -->

Szalik zimowy PSP - Kreator Toruń

Szalik do płaszcza PSP. Szalik zimowy w kolorze granatowym zgodny z dokumentacją KG PSP.

Kreator Toruń

Strona główna

Producent mundurów, kombinezonów i odzieży taktycznej
