{"id":7113,"date":"2022-06-05T13:08:24","date_gmt":"2022-06-05T13:08:24","guid":{"rendered":"https:\/\/kreatortorun.pl\/?post_type=product&#038;p=7113"},"modified":"2026-04-19T08:05:33","modified_gmt":"2026-04-19T08:05:33","slug":"pasek-parciany","status":"publish","type":"product","link":"https:\/\/kreatortorun.pl\/en\/produkt\/pasek-parciany\/","title":{"rendered":"Pasek parciany"},"content":{"rendered":"<h1>Pasek parciany do munduru dla r\u00f3\u017cnych s\u0142u\u017cb mundurowych<\/h1>\n<p>Uniwersalny pasek do munduru, kt\u00f3ry sprawdzi si\u0119 r\u00f3wnie\u017c jako wytrzyma\u0142y pasek do spodni s\u0142u\u017cbowych, taktycznych czy outdoorowych.<\/p>\n<p>Ten pasek do spodni mo\u017ce by\u0107 wykorzystywany do noszenia w r\u00f3\u017cnych s\u0142u\u017cbach mundurowych &#8211; r\u00f3wnie\u017c jako pasek parciany interwencyjny.<\/p>\n<h2>Pasek do spodni policyjnych<\/h2>\n<p>Pasek z parcian\u0105 ta\u015bm\u0105 i metalow\u0105 klamr\u0105, wz\u00f3r zgodny z nowym rozporz\u0105dzeniem w sprawie umundurowania Policjant\u00f3w. Regulaminowy policyjny &#8220;pasek do spodni w kolorze czarnym z tkaniny syntetycznej&#8221;, nosi si\u0119 w podtrzymywaczach spodni policyjnych.<\/p>\n<p>Pasek policyjny wykonany z ta\u015bmy poliamidowej w kolorze czarnym. Szeroko\u015b\u0107 ta\u015bmy parcianej wynosi 30 mm.<\/p>\n<p>&nbsp;<\/p>\n","protected":false},"excerpt":{"rendered":"<p>Pasek parciany z klamr\u0105 jest zgodny z nowym rozporz\u0105dzeniem Policji.<\/p>\n","protected":false},"featured_media":7119,"template":"","meta":[],"product_brand":[],"product_cat":[231,219,111,147,151,155,156,174,140,148,152],"product_tag":[190],"class_list":{"0":"post-7113","1":"product","2":"type-product","3":"status-publish","4":"has-post-thumbnail","6":"product_cat-umundurowanie-sluzbowe","7":"product_cat-akcesoria-m-wopr","8":"product_cat-akcesoria-meskie-wl","9":"product_cat-akcesoria-meskie","10":"product_cat-akcesoria-meskie-marynarka-wojenna","11":"product_cat-akcesoria-meskie-policja","12":"product_cat-akcesoria-damskie-policja","13":"product_cat-akcesoria-meskie-2","14":"product_cat-akcesoria-damskie-wl","15":"product_cat-akcesoria-damskie","16":"product_cat-akcesoria-damskie-marynarka-wojenna","17":"product_tag-pol","19":"first","20":"instock","21":"taxable","22":"shipping-taxable","23":"purchasable","24":"product-type-variable"},"yoast_head":"<!-- This site is optimized with the Yoast SEO plugin v27.3 - https:\/\/yoast.com\/product\/yoast-seo-wordpress\/ -->\n<title>Pasek parciany - Kreator Toru\u0144<\/title>\n<meta name=\"description\" content=\"Czarny pasek parciany do munduru i spodni s\u0142u\u017cbowych. Sprawdzi si\u0119 te\u017c jako pasek do spodni taktycznych czy outdoorowych.\" \/>\n<meta name=\"robots\" content=\"index, follow, max-snippet:-1, max-image-preview:large, max-video-preview:-1\" \/>\n<link rel=\"canonical\" href=\"https:\/\/kreatortorun.pl\/produkt\/pasek-parciany\/\" \/>\n<meta property=\"og:locale\" content=\"en_US\" \/>\n<meta property=\"og:type\" content=\"article\" \/>\n<meta property=\"og:title\" content=\"Pasek parciany - Kreator Toru\u0144\" \/>\n<meta property=\"og:description\" content=\"Czarny pasek parciany do munduru i spodni s\u0142u\u017cbowych. Sprawdzi si\u0119 te\u017c jako pasek do spodni taktycznych czy outdoorowych.\" \/>\n<meta property=\"og:url\" content=\"https:\/\/kreatortorun.pl\/produkt\/pasek-parciany\/\" \/>\n<meta property=\"og:site_name\" content=\"Kreator Toru\u0144\" \/>\n<meta property=\"article:publisher\" content=\"https:\/\/www.facebook.com\/torun.kreator\" \/>\n<meta property=\"article:modified_time\" content=\"2026-04-19T08:05:33+00:00\" \/>\n<meta property=\"og:image\" content=\"https:\/\/kreatortorun.pl\/wp-content\/uploads\/2022\/06\/KREATOR-PASEK-POLICJA-1.jpg\" \/>\n\t<meta property=\"og:image:width\" content=\"1200\" \/>\n\t<meta property=\"og:image:height\" content=\"1200\" \/>\n\t<meta property=\"og:image:type\" content=\"image\/jpeg\" \/>\n<meta name=\"twitter:card\" content=\"summary_large_image\" \/>\n<meta name=\"twitter:label1\" content=\"Est. reading time\" \/>\n\t<meta name=\"twitter:data1\" content=\"1 minute\" \/>\n<script type=\"application\/ld+json\" class=\"yoast-schema-graph\">{\"@context\":\"https:\\\/\\\/schema.org\",\"@graph\":[{\"@type\":\"WebPage\",\"@id\":\"https:\\\/\\\/kreatortorun.pl\\\/produkt\\\/pasek-parciany\\\/\",\"url\":\"https:\\\/\\\/kreatortorun.pl\\\/produkt\\\/pasek-parciany\\\/\",\"name\":\"Pasek parciany - Kreator Toru\u0144\",\"isPartOf\":{\"@id\":\"https:\\\/\\\/kreatortorun.pl\\\/#website\"},\"primaryImageOfPage\":{\"@id\":\"https:\\\/\\\/kreatortorun.pl\\\/produkt\\\/pasek-parciany\\\/#primaryimage\"},\"image\":{\"@id\":\"https:\\\/\\\/kreatortorun.pl\\\/produkt\\\/pasek-parciany\\\/#primaryimage\"},\"thumbnailUrl\":\"https:\\\/\\\/kreatortorun.pl\\\/wp-content\\\/uploads\\\/2022\\\/06\\\/KREATOR-PASEK-POLICJA-1.jpg\",\"datePublished\":\"2022-06-05T13:08:24+00:00\",\"dateModified\":\"2026-04-19T08:05:33+00:00\",\"description\":\"Czarny pasek parciany do munduru i spodni s\u0142u\u017cbowych. Sprawdzi si\u0119 te\u017c jako pasek do spodni taktycznych czy outdoorowych.\",\"breadcrumb\":{\"@id\":\"https:\\\/\\\/kreatortorun.pl\\\/produkt\\\/pasek-parciany\\\/#breadcrumb\"},\"inLanguage\":\"en-US\",\"potentialAction\":[{\"@type\":\"ReadAction\",\"target\":[\"https:\\\/\\\/kreatortorun.pl\\\/produkt\\\/pasek-parciany\\\/\"]}]},{\"@type\":\"ImageObject\",\"inLanguage\":\"en-US\",\"@id\":\"https:\\\/\\\/kreatortorun.pl\\\/produkt\\\/pasek-parciany\\\/#primaryimage\",\"url\":\"https:\\\/\\\/kreatortorun.pl\\\/wp-content\\\/uploads\\\/2022\\\/06\\\/KREATOR-PASEK-POLICJA-1.jpg\",\"contentUrl\":\"https:\\\/\\\/kreatortorun.pl\\\/wp-content\\\/uploads\\\/2022\\\/06\\\/KREATOR-PASEK-POLICJA-1.jpg\",\"width\":1200,\"height\":1200},{\"@type\":\"BreadcrumbList\",\"@id\":\"https:\\\/\\\/kreatortorun.pl\\\/produkt\\\/pasek-parciany\\\/#breadcrumb\",\"itemListElement\":[{\"@type\":\"ListItem\",\"position\":1,\"name\":\"Strona g\u0142\u00f3wna\",\"item\":\"https:\\\/\\\/kreatortorun.pl\\\/en\\\/\"},{\"@type\":\"ListItem\",\"position\":2,\"name\":\"Shop\",\"item\":\"https:\\\/\\\/kreatortorun.pl\\\/en\\\/shop\\\/\"},{\"@type\":\"ListItem\",\"position\":3,\"name\":\"Pasek parciany\"}]},{\"@type\":\"WebSite\",\"@id\":\"https:\\\/\\\/kreatortorun.pl\\\/#website\",\"url\":\"https:\\\/\\\/kreatortorun.pl\\\/\",\"name\":\"Kreator Toru\u0144\",\"description\":\"Producent mundur\u00f3w, kombinezon\u00f3w i odzie\u017cy taktycznej\",\"publisher\":{\"@id\":\"https:\\\/\\\/kreatortorun.pl\\\/#organization\"},\"potentialAction\":[{\"@type\":\"SearchAction\",\"target\":{\"@type\":\"EntryPoint\",\"urlTemplate\":\"https:\\\/\\\/kreatortorun.pl\\\/?s={search_term_string}\"},\"query-input\":{\"@type\":\"PropertyValueSpecification\",\"valueRequired\":true,\"valueName\":\"search_term_string\"}}],\"inLanguage\":\"en-US\"},{\"@type\":\"Organization\",\"@id\":\"https:\\\/\\\/kreatortorun.pl\\\/#organization\",\"name\":\"Kreator Toru\u0144\",\"url\":\"https:\\\/\\\/kreatortorun.pl\\\/\",\"logo\":{\"@type\":\"ImageObject\",\"inLanguage\":\"en-US\",\"@id\":\"https:\\\/\\\/kreatortorun.pl\\\/#\\\/schema\\\/logo\\\/image\\\/\",\"url\":\"https:\\\/\\\/kreatortorun.pl\\\/wp-content\\\/uploads\\\/2024\\\/02\\\/cropped-kreator-logo-favicon.png\",\"contentUrl\":\"https:\\\/\\\/kreatortorun.pl\\\/wp-content\\\/uploads\\\/2024\\\/02\\\/cropped-kreator-logo-favicon.png\",\"width\":512,\"height\":512,\"caption\":\"Kreator Toru\u0144\"},\"image\":{\"@id\":\"https:\\\/\\\/kreatortorun.pl\\\/#\\\/schema\\\/logo\\\/image\\\/\"},\"sameAs\":[\"https:\\\/\\\/www.facebook.com\\\/torun.kreator\",\"https:\\\/\\\/www.youtube.com\\\/@kreatortorun1862\"]}]}<\/script>\n<!-- \/ Yoast SEO plugin. -->","yoast_head_json":{"title":"Pasek parciany - Kreator Toru\u0144","description":"Czarny pasek parciany do munduru i spodni s\u0142u\u017cbowych. Sprawdzi si\u0119 te\u017c jako pasek do spodni taktycznych czy outdoorowych.","robots":{"index":"index","follow":"follow","max-snippet":"max-snippet:-1","max-image-preview":"max-image-preview:large","max-video-preview":"max-video-preview:-1"},"canonical":"https:\/\/kreatortorun.pl\/produkt\/pasek-parciany\/","og_locale":"en_US","og_type":"article","og_title":"Pasek parciany - Kreator Toru\u0144","og_description":"Czarny pasek parciany do munduru i spodni s\u0142u\u017cbowych. Sprawdzi si\u0119 te\u017c jako pasek do spodni taktycznych czy outdoorowych.","og_url":"https:\/\/kreatortorun.pl\/produkt\/pasek-parciany\/","og_site_name":"Kreator Toru\u0144","article_publisher":"https:\/\/www.facebook.com\/torun.kreator","article_modified_time":"2026-04-19T08:05:33+00:00","og_image":[{"width":1200,"height":1200,"url":"https:\/\/kreatortorun.pl\/wp-content\/uploads\/2022\/06\/KREATOR-PASEK-POLICJA-1.jpg","type":"image\/jpeg"}],"twitter_card":"summary_large_image","twitter_misc":{"Est. reading time":"1 minute"},"schema":{"@context":"https:\/\/schema.org","@graph":[{"@type":"WebPage","@id":"https:\/\/kreatortorun.pl\/produkt\/pasek-parciany\/","url":"https:\/\/kreatortorun.pl\/produkt\/pasek-parciany\/","name":"Pasek parciany - Kreator Toru\u0144","isPartOf":{"@id":"https:\/\/kreatortorun.pl\/#website"},"primaryImageOfPage":{"@id":"https:\/\/kreatortorun.pl\/produkt\/pasek-parciany\/#primaryimage"},"image":{"@id":"https:\/\/kreatortorun.pl\/produkt\/pasek-parciany\/#primaryimage"},"thumbnailUrl":"https:\/\/kreatortorun.pl\/wp-content\/uploads\/2022\/06\/KREATOR-PASEK-POLICJA-1.jpg","datePublished":"2022-06-05T13:08:24+00:00","dateModified":"2026-04-19T08:05:33+00:00","description":"Czarny pasek parciany do munduru i spodni s\u0142u\u017cbowych. Sprawdzi si\u0119 te\u017c jako pasek do spodni taktycznych czy outdoorowych.","breadcrumb":{"@id":"https:\/\/kreatortorun.pl\/produkt\/pasek-parciany\/#breadcrumb"},"inLanguage":"en-US","potentialAction":[{"@type":"ReadAction","target":["https:\/\/kreatortorun.pl\/produkt\/pasek-parciany\/"]}]},{"@type":"ImageObject","inLanguage":"en-US","@id":"https:\/\/kreatortorun.pl\/produkt\/pasek-parciany\/#primaryimage","url":"https:\/\/kreatortorun.pl\/wp-content\/uploads\/2022\/06\/KREATOR-PASEK-POLICJA-1.jpg","contentUrl":"https:\/\/kreatortorun.pl\/wp-content\/uploads\/2022\/06\/KREATOR-PASEK-POLICJA-1.jpg","width":1200,"height":1200},{"@type":"BreadcrumbList","@id":"https:\/\/kreatortorun.pl\/produkt\/pasek-parciany\/#breadcrumb","itemListElement":[{"@type":"ListItem","position":1,"name":"Strona g\u0142\u00f3wna","item":"https:\/\/kreatortorun.pl\/en\/"},{"@type":"ListItem","position":2,"name":"Shop","item":"https:\/\/kreatortorun.pl\/en\/shop\/"},{"@type":"ListItem","position":3,"name":"Pasek parciany"}]},{"@type":"WebSite","@id":"https:\/\/kreatortorun.pl\/#website","url":"https:\/\/kreatortorun.pl\/","name":"Kreator Toru\u0144","description":"Producent mundur\u00f3w, kombinezon\u00f3w i odzie\u017cy taktycznej","publisher":{"@id":"https:\/\/kreatortorun.pl\/#organization"},"potentialAction":[{"@type":"SearchAction","target":{"@type":"EntryPoint","urlTemplate":"https:\/\/kreatortorun.pl\/?s={search_term_string}"},"query-input":{"@type":"PropertyValueSpecification","valueRequired":true,"valueName":"search_term_string"}}],"inLanguage":"en-US"},{"@type":"Organization","@id":"https:\/\/kreatortorun.pl\/#organization","name":"Kreator Toru\u0144","url":"https:\/\/kreatortorun.pl\/","logo":{"@type":"ImageObject","inLanguage":"en-US","@id":"https:\/\/kreatortorun.pl\/#\/schema\/logo\/image\/","url":"https:\/\/kreatortorun.pl\/wp-content\/uploads\/2024\/02\/cropped-kreator-logo-favicon.png","contentUrl":"https:\/\/kreatortorun.pl\/wp-content\/uploads\/2024\/02\/cropped-kreator-logo-favicon.png","width":512,"height":512,"caption":"Kreator Toru\u0144"},"image":{"@id":"https:\/\/kreatortorun.pl\/#\/schema\/logo\/image\/"},"sameAs":["https:\/\/www.facebook.com\/torun.kreator","https:\/\/www.youtube.com\/@kreatortorun1862"]}]}},"_links":{"self":[{"href":"https:\/\/kreatortorun.pl\/en\/wp-json\/wp\/v2\/product\/7113","targetHints":{"allow":["GET"]}}],"collection":[{"href":"https:\/\/kreatortorun.pl\/en\/wp-json\/wp\/v2\/product"}],"about":[{"href":"https:\/\/kreatortorun.pl\/en\/wp-json\/wp\/v2\/types\/product"}],"wp:featuredmedia":[{"embeddable":true,"href":"https:\/\/kreatortorun.pl\/en\/wp-json\/wp\/v2\/media\/7119"}],"wp:attachment":[{"href":"https:\/\/kreatortorun.pl\/en\/wp-json\/wp\/v2\/media?parent=7113"}],"wp:term":[{"taxonomy":"product_brand","embeddable":true,"href":"https:\/\/kreatortorun.pl\/en\/wp-json\/wp\/v2\/product_brand?post=7113"},{"taxonomy":"product_cat","embeddable":true,"href":"https:\/\/kreatortorun.pl\/en\/wp-json\/wp\/v2\/product_cat?post=7113"},{"taxonomy":"product_tag","embeddable":true,"href":"https:\/\/kreatortorun.pl\/en\/wp-json\/wp\/v2\/product_tag?post=7113"}],"curies":[{"name":"wp","href":"https:\/\/api.w.org\/{rel}","templated":true}]}}

<h1>Pasek parciany do munduru dla różnych służb mundurowych</h1>
<p>Uniwersalny pasek do munduru, który sprawdzi się również jako wytrzymały pasek do spodni służbowych, taktycznych czy outdoorowych.</p>
<p>Ten pasek do spodni może być wykorzystywany do noszenia w różnych służbach mundurowych &#8211; również jako pasek parciany interwencyjny.</p>
<h2>Pasek do spodni policyjnych</h2>
<p>Pasek z parcianą taśmą i metalową klamrą, wzór zgodny z nowym rozporządzeniem w sprawie umundurowania Policjantów. Regulaminowy policyjny &#8220;pasek do spodni w kolorze czarnym z tkaniny syntetycznej&#8221;, nosi się w podtrzymywaczach spodni policyjnych.</p>
<p>Pasek policyjny wykonany z taśmy poliamidowej w kolorze czarnym. Szerokość taśmy parcianej wynosi 30 mm.</p>
<p>&nbsp;</p>

<p>Pasek parciany z klamrą jest zgodny z nowym rozporządzeniem Policji.</p>

<!-- This site is optimized with the Yoast SEO plugin v27.3 - https://yoast.com/product/yoast-seo-wordpress/ -->
<title>Pasek parciany - Kreator Toruń</title>
<meta name="description" content="Czarny pasek parciany do munduru i spodni służbowych. Sprawdzi się też jako pasek do spodni taktycznych czy outdoorowych." />
<meta name="robots" content="index, follow, max-snippet:-1, max-image-preview:large, max-video-preview:-1" />
<link rel="canonical" href="https://kreatortorun.pl/produkt/pasek-parciany/" />
<meta property="og:locale" content="en_US" />
<meta property="og:type" content="article" />
<meta property="og:title" content="Pasek parciany - Kreator Toruń" />
<meta property="og:description" content="Czarny pasek parciany do munduru i spodni służbowych. Sprawdzi się też jako pasek do spodni taktycznych czy outdoorowych." />
<meta property="og:url" content="https://kreatortorun.pl/produkt/pasek-parciany/" />
<meta property="og:site_name" content="Kreator Toruń" />
<meta property="article:publisher" content="https://www.facebook.com/torun.kreator" />
<meta property="article:modified_time" content="2026-04-19T08:05:33+00:00" />
<meta property="og:image" content="https://kreatortorun.pl/wp-content/uploads/2022/06/KREATOR-PASEK-POLICJA-1.jpg" />
	<meta property="og:image:width" content="1200" />
	<meta property="og:image:height" content="1200" />
	<meta property="og:image:type" content="image/jpeg" />
<meta name="twitter:card" content="summary_large_image" />
<meta name="twitter:label1" content="Est. reading time" />
	<meta name="twitter:data1" content="1 minute" />
<script type="application/ld+json" class="yoast-schema-graph">{"@context":"https:\/\/schema.org","@graph":[{"@type":"WebPage","@id":"https:\/\/kreatortorun.pl\/produkt\/pasek-parciany\/","url":"https:\/\/kreatortorun.pl\/produkt\/pasek-parciany\/","name":"Pasek parciany - Kreator Toruń","isPartOf":{"@id":"https:\/\/kreatortorun.pl\/#website"},"primaryImageOfPage":{"@id":"https:\/\/kreatortorun.pl\/produkt\/pasek-parciany\/#primaryimage"},"image":{"@id":"https:\/\/kreatortorun.pl\/produkt\/pasek-parciany\/#primaryimage"},"thumbnailUrl":"https:\/\/kreatortorun.pl\/wp-content\/uploads\/2022\/06\/KREATOR-PASEK-POLICJA-1.jpg","datePublished":"2022-06-05T13:08:24+00:00","dateModified":"2026-04-19T08:05:33+00:00","description":"Czarny pasek parciany do munduru i spodni służbowych. Sprawdzi się też jako pasek do spodni taktycznych czy outdoorowych.","breadcrumb":{"@id":"https:\/\/kreatortorun.pl\/produkt\/pasek-parciany\/#breadcrumb"},"inLanguage":"en-US","potentialAction":[{"@type":"ReadAction","target":["https:\/\/kreatortorun.pl\/produkt\/pasek-parciany\/"]}]},{"@type":"ImageObject","inLanguage":"en-US","@id":"https:\/\/kreatortorun.pl\/produkt\/pasek-parciany\/#primaryimage","url":"https:\/\/kreatortorun.pl\/wp-content\/uploads\/2022\/06\/KREATOR-PASEK-POLICJA-1.jpg","contentUrl":"https:\/\/kreatortorun.pl\/wp-content\/uploads\/2022\/06\/KREATOR-PASEK-POLICJA-1.jpg","width":1200,"height":1200},{"@type":"BreadcrumbList","@id":"https:\/\/kreatortorun.pl\/produkt\/pasek-parciany\/#breadcrumb","itemListElement":[{"@type":"ListItem","position":1,"name":"Strona główna","item":"https:\/\/kreatortorun.pl\/en\/"},{"@type":"ListItem","position":2,"name":"Shop","item":"https:\/\/kreatortorun.pl\/en\/shop\/"},{"@type":"ListItem","position":3,"name":"Pasek parciany"}]},{"@type":"WebSite","@id":"https:\/\/kreatortorun.pl\/#website","url":"https:\/\/kreatortorun.pl\/","name":"Kreator Toruń","description":"Producent mundurów, kombinezonów i odzieży taktycznej","publisher":{"@id":"https:\/\/kreatortorun.pl\/#organization"},"potentialAction":[{"@type":"SearchAction","target":{"@type":"EntryPoint","urlTemplate":"https:\/\/kreatortorun.pl\/?s={search_term_string}"},"query-input":{"@type":"PropertyValueSpecification","valueRequired":true,"valueName":"search_term_string"}}],"inLanguage":"en-US"},{"@type":"Organization","@id":"https:\/\/kreatortorun.pl\/#organization","name":"Kreator Toruń","url":"https:\/\/kreatortorun.pl\/","logo":{"@type":"ImageObject","inLanguage":"en-US","@id":"https:\/\/kreatortorun.pl\/#\/schema\/logo\/image\/","url":"https:\/\/kreatortorun.pl\/wp-content\/uploads\/2024\/02\/cropped-kreator-logo-favicon.png","contentUrl":"https:\/\/kreatortorun.pl\/wp-content\/uploads\/2024\/02\/cropped-kreator-logo-favicon.png","width":512,"height":512,"caption":"Kreator Toruń"},"image":{"@id":"https:\/\/kreatortorun.pl\/#\/schema\/logo\/image\/"},"sameAs":["https:\/\/www.facebook.com\/torun.kreator","https:\/\/www.youtube.com\/@kreatortorun1862"]}]}</script>
<!-- / Yoast SEO plugin. -->

Pasek parciany - Kreator Toruń

Czarny pasek parciany do munduru i spodni służbowych. Sprawdzi się też jako pasek do spodni taktycznych czy outdoorowych.

Kreator Toruń

Strona główna

Producent mundurów, kombinezonów i odzieży taktycznej
